rime factors of j?
2, 3
Let q(u) = -19*u + 13. Suppose -d + 32 = 3*d. Let y be q(d). Let o = -53 - y. List the prime factors of o.
2, 43
Suppose 4*n - 14610 = -2*c, -3*c = -25 + 16. What are the prime factors of n?
3, 1217
What are the prime factors of ((-62305)/(-102) + (-2)/(-3))*(-14 - -16)?
1223
Let w be 1 + (-1703)/(-4) - 10/(-40). Suppose -r + 2*j = 4*j - w, 2*j - 1293 = -3*r. List the prime factors of r.
433
Let t(x) = 139*x - 116. Let q(c) = -140*c + 118. Let w(j) = -2*q(j) - 3*t(j). List the prime factors of w(-5).
797
Let b(n) = -n**3 + 2*n**2 + 6*n + 10. Let a(m) = -m**3 - 1. Let u(f) = 2*a(f) - b(f). List the prime factors of u(-8).
2, 3, 5, 7
Let z(y) = 23*y - 26. Let i(m) = m**3 + 23*m**2 + 42*m + 7. Let n be i(-21). What are the prime factors of z(n)?
3, 5
Suppose 14*n + 30*n - 269382 = -7*n. List the prime factors of n.
2, 19, 139
Let c = -699 + 2145. List the prime factors of (((-168)/9)/7)/((-4)/c).
2, 241
Suppose 0 = -2*b + 109 - 7. Let u = b + -47. Suppose 4*l = 3*n + 89, u*l - 3*n + n = 90. List the prime factors of l.
23
Suppose 3*z = 3*y + 5873 + 1189, 2*z = 3*y + 4707. Let r = -1592 + z. What are the prime factors of r?
7, 109
What are the prime factors of 2/(-3)*(34 - 2677)?
2, 881
Suppose 3*j = -30*j + 297. What are the prime factors of ((251 - j) + -1)*1?
241
Suppose -4*f - 4*i = 52, -3*i - 11 - 13 = 2*f. List the prime factors of (-14958)/(-45) - 24/f.
2, 167
Suppose -d = 5*s - 320 - 132, 2*s = 5*d + 197. Suppose -13*m + 46 = -110. Let p = s - m. What are the prime factors of p?
79
Let c(m) = -m**3 + 15*m**2 - 16*m + 32. Let u be c(14). Suppose -4*k = u*w - 1996, -296 = -2*k - 4*w + 692. List the prime factors of k.
2, 3, 7
Suppose -17 = 2*p + 5. Let s(m) = m + 16. Let g be s(p). Suppose -g*j = 5*i - 60, 5*j - 31 - 59 = i. What are the prime factors of j?
17
Let z = 2521 - 3652. Let r = -677 - z. What are the prime factors of r?
2, 227
What are the prime factors of 24/(-96)*60 + 49077?
2, 3, 13, 17, 37
Let h(x) = 480*x**2 - 19*x - 113. List the prime factors of h(11).
2, 28879
Let k(d) = 2*d + 12. Let g be k(-5). Suppose -l + 1455 = g*l. Suppose 7*i + 58 - l = 0. List the prime factors of i.
61
Let l be (-3 - 0)/(4/((-300)/9)). Suppose -4*y + 2160 = -0*y. Suppose 28*m = l*m + y. What are the prime factors of m?
2, 3, 5
Let u(q) = -45*q**2 - 1. Let x be u(1). Suppose -4*i = -f - 14 - 16, 0 = 5*f - i + 150. Let t = f - x. What are the prime factors of t?
2
Let p = 470 + -483. Let g(j) = -j**3 - 13*j**2 - 8*j - 48. List the prime factors of g(p).
2, 7
Let i = -31 + 15. Let v = i + 21. Suppose -3*u = -v*s - 148, -4*s - 94 = -2*u + 2. List the prime factors of u.
2, 7
Let n(p) = 69*p**2 - 36*p - 244. What are the prime factors of n(-5)?
11, 151
Let x = 608 + -839. Let b = x - -734. What are the prime factors of b?
503
Suppose -2*i + 3*z = -34773, -46*i - 34803 = -48*i - 3*z. List the prime factors of i.
2, 3, 13, 223
Let o be (-12)/(1/2 + -2). Let q(k) = k**3 - 9*k**2 + 9*k - 11. Let d be q(o). Let h(a) = -3*a**3 - 4*a**2 + a + 1. List the prime factors of h(d).
43
Suppose -14*f = -11*f + 9. Let k be (-1)/(-4) + 3/(-12). What are the prime factors of -3 - k - (-64 - f)?
2, 29
Suppose -61*k + 65*k = 60. Suppose 3*f + y = 2864, k*y = -3*f + 13*y + 2869. List the prime factors of f.
953
What are the prime factors of ((-9)/(-6))/(126/289464)?
2, 1723
Let j = -4806 - -8199. List the prime factors of j.
3, 13, 29
Let a = 245 + 6698. What are the prime factors of a?
53, 131
Let h = -10 - -9. Let i be (8*8)/(-1) - h. What are the prime factors of 0*2/4 - i?
3, 7
Let b(r) = -9*r - 66. Let l be b(-12). Suppose -46*i = -l*i - 296. List the prime factors of i.
2, 37
Let t = -343 - -844. Suppose -3*c + 488 = -c. Let p = t - c. What are the prime factors of p?
257
Let m(s) = 12*s - s**3 - 16*s + 4*s**3 + 4*s**2 + 1 + 2. Let x be m(2). Let o = x - -11. List the prime factors of o.
2, 23
Let q = 7300 - -739. What are the prime factors of q?
8039
Let l = 11871 - 6456. List the prime factors of l.
3, 5, 19
Suppose 1770 = 7*k - 4040. Suppose -2*v + 2*h + k = -2*h, -h + 810 = 2*v. List the prime factors of v.
11, 37
Let b(o) = 863*o**2 - 61*o - 195. What are the prime factors of b(-3)?
3, 5, 11, 47
Suppose -11*n = 2426 - 98335. List the prime factors of n.
8719
Suppose 3*b + 6 = 0, -2437 = -4*n + b + 821. Suppose -825*f + 5357 = -n*f. What are the prime factors of f?
487
Let z(l) = 3*l**2 + 25*l + 613. List the prime factors of z(-55).
3, 17, 163
Suppose -2*v = -4*a - 4110, v = -3*v - 4*a + 8244. What are the prime factors of v?
29, 71
Let o = -1184 - -3142. List the prime factors of o.
2, 11, 89
Suppose 0 = -4*l + 3*b + 21572, -6*l + 5*l - 3*b = -5408. List the prime factors of l.
2, 19, 71
Let d = 8050 + -3050. List the prime factors of d.
2, 5
Let n(a) = 3233*a + 5755. List the prime factors of n(11).
2, 73, 283
Let g = -2713 - -2711. Let u(h) be the first derivative of -h**4 + h**3/3 - 3*h**2/2 + h + 1. List the prime factors of u(g).
43
Let u(l) = -129*l + 3. Let m be u(-3). Let o = m - -100. What are the prime factors of (o/(-6))/(8/(-6) + 1)?
5, 7
Let z(t) = -t**3 - 37*t**2 - 103*t - 16. List the prime factors of z(-41).
17, 643
Suppose 216 = -4*x - 3*m, x + 35 = -16*m + 20*m. Suppose 4*l - 368 = -4*a, -5*l - a - 107 + 583 = 0. Let z = l - x. List the prime factors of z.
3, 7
Let t = -112 + 173. Suppose -483 = 32*z - 11*z. Let c = t + z. What are the prime factors of c?
2, 19
Suppose -1440*n - 328399 = -1451*n - 72979. What are the prime factors of n?
2, 3, 5, 43
Suppose 11*p - 34 = -12. Suppose 0*y = -4*w + 3*y + 538, -p*w + 256 = 5*y. What are the prime factors of w?
7, 19
Suppose -128 = 17*n + 4836 - 26078. What are the prime factors of n?
2, 3, 23
Suppose 0 = -6*l + 102 - 6. Let n be 0 - l/(-4) - -1. Let a = n - -37. What are the prime factors of a?
2, 3, 7
Let p(d) = -6*d - 15. Let u be p(-3). Suppose 2*g - 364 = -9*k + 7*k, u*g + 5*k - 556 = 0. What are the prime factors of g?
3, 59
Let p(d) = 25*d + 41. Let g be p(2). What are the prime factors of g*-5*(3 - 3 - 1)?
5, 7, 13
Suppose -5*k = -4*n - 80819, 162*n - 163*n + 80839 = 5*k. What are the prime factors of k?
3, 17, 317
Suppose -5*m + 6*m = 0. Suppose 5*p + 5*w - 15 = m, p - 5*p = -4*w - 28. Suppose 4*z = d + 3*d - 100, -p*z + 95 = 5*d. What are the prime factors of d?
2, 11
Let d(u) = -2*u**3 + 5*u - 2. Let n be d(-2). Suppose 4*s - 1836 = 3*a, -4*a + 5*a - n = 0. List the prime factors of s.
2, 3, 7, 11
Suppose -3*y = -57 + 276. Let q = y - 62. Let h = q - -280. List the prime factors of h.
5, 29
Let c = 82 + -74. Suppose 3*b = -b + c. Suppose -2*t = -b*l + 318, -3*t - 10 = 5. List the prime factors of l.
2, 7, 11
Suppose 6*w - 29 = -89. Let u(a) = a**3 + 8*a**2 - 20*a + 2. Let p be u(w). List the prime factors of 329/7 + -1 + p.
2, 3
Suppose 202*k - 2899447 - 1737463 = 0. What are the prime factors of k?
5, 4591
Suppose 5*l - 38497 = 3*r, 2876 = -4*l + 5*r + 33684. What are the prime factors of l?
43, 179
Let j = 367 + -76. Suppose -t = 108 - j. List the prime factors of t.
3, 61
Let x = 11470 + -5828. List the prime factors of x.
2, 7, 13, 31
Let c = 16470 - 7450. What are the prime factors of c?
2, 5, 11, 41
Let b be 3*(-6)/144 - 5641/(-8). Suppose p + 5*r = 366, -2*p + b = 2*r - r. List the prime factors of p.
3, 13
Suppose 5*k + 16*z - 25 = 11*z, 3*k + 5 = z. Suppose 3*s - l = 1060, k*l + 360 = s + l. What are the prime factors of s?
5, 71
Let l(z) = 7*z**2 - 28*z + 59. What are the prime factors of l(39)?
2, 11, 19, 23
Suppose 4341 = 6*x - 11661. List the prime factors of (x/(-9))/7*3*-1.
127
Suppose 0*g + 4*j = -4*g - 24, 5*g + 22 = -3*j. Let x be -57 - (-2 - g - 0). Let z = x + 93. What are the prime factors of z?
2, 3
Let v(f) be the second derivative of -4*f**5/5 + f**3 + 8*f**2 - 120*f - 1. List the prime factors of v(-3).
2, 5, 43
Let y = -286 - -1295. List the prime factors of y.
1009
Let d(s) = -8*s**3 - 5*s**2 - 4*s - 16. Let m be d(-5). Suppose -3*z = l - 285, -m = -3*l - z - 0*z. What are the prime factors of l?
2, 3, 7
Let l = 2793 + -2409. List the prime factors of l.
2, 3
Suppose 12*z - 13931 + 3131 = 0. Suppose -16*x - 2*x = -z. What are the prime factors of x?
2, 5
Let f(j) = 2*j**3 - 2*j**2 - 2*j - 13. Suppose 2*x = -3*y + 13, -6*x - 3 = -3*x.